{"id":4728,"date":"2019-01-26T12:37:02","date_gmt":"2019-01-26T11:37:02","guid":{"rendered":"http:\/\/celinedugas-photographe.fr\/?page_id=4728"},"modified":"2022-11-22T15:16:05","modified_gmt":"2022-11-22T14:16:05","slug":"accueil","status":"publish","type":"page","link":"https:\/\/celinedugas-photographe.fr\/","title":{"rendered":"ACCUEIL"},"content":{"rendered":"\n<hr class=\"wp-block-separator has-css-opacity is-style-wide\"\/>\n\n\n\n<figure class=\"wp-block-gallery has-nested-images columns-4 is-cropped wp-block-gallery-1 is-layout-flex wp-block-gallery-is-layout-flex\">\n<figure class=\"wp-block-image size-large\"><img loading=\"lazy\" decoding=\"async\" width=\"1024\" height=\"683\" data-id=\"4795\" src=\"https:\/\/celinedugas-photographe.fr\/wp-content\/uploads\/2019\/07\/DSC00382-1-1024x683.jpg\" alt=\"\" class=\"wp-image-4795\" srcset=\"https:\/\/celinedugas-photographe.fr\/wp-content\/uploads\/2019\/07\/DSC00382-1-1024x683.jpg 1024w, https:\/\/celinedugas-photographe.fr\/wp-content\/uploads\/2019\/07\/DSC00382-1-300x200.jpg 300w, https:\/\/celinedugas-photographe.fr\/wp-content\/uploads\/2019\/07\/DSC00382-1-768x512.jpg 768w, https:\/\/celinedugas-photographe.fr\/wp-content\/uploads\/2019\/07\/DSC00382-1-705x470.jpg 705w, https:\/\/celinedugas-photographe.fr\/wp-content\/uploads\/2019\/07\/DSC00382-1.jpg 2048w\" sizes=\"auto, (max-width: 1024px) 100vw, 1024px\" \/><\/figure>\n\n\n\n<figure class=\"wp-block-image size-large\"><img loading=\"lazy\" decoding=\"async\" width=\"1024\" height=\"683\" data-id=\"4562\" src=\"https:\/\/celinedugas-photographe.fr\/wp-content\/uploads\/2016\/02\/DSC09667-3-1024x683.jpg\" alt=\"Mariage\" class=\"wp-image-4562\" srcset=\"https:\/\/celinedugas-photographe.fr\/wp-content\/uploads\/2016\/02\/DSC09667-3-1024x683.jpg 1024w, https:\/\/celinedugas-photographe.fr\/wp-content\/uploads\/2016\/02\/DSC09667-3-300x200.jpg 300w, https:\/\/celinedugas-photographe.fr\/wp-content\/uploads\/2016\/02\/DSC09667-3-768x512.jpg 768w, https:\/\/celinedugas-photographe.fr\/wp-content\/uploads\/2016\/02\/DSC09667-3-705x470.jpg 705w, https:\/\/celinedugas-photographe.fr\/wp-content\/uploads\/2016\/02\/DSC09667-3.jpg 2048w\" sizes=\"auto, (max-width: 1024px) 100vw, 1024px\" \/><\/figure>\n\n\n\n<figure class=\"wp-block-image size-large\"><img loading=\"lazy\" decoding=\"async\" width=\"1024\" height=\"683\" data-id=\"4782\" src=\"https:\/\/celinedugas-photographe.fr\/wp-content\/uploads\/2019\/07\/DSC02674-2R-1024x683.jpg\" alt=\"\" class=\"wp-image-4782\" srcset=\"https:\/\/celinedugas-photographe.fr\/wp-content\/uploads\/2019\/07\/DSC02674-2R-1024x683.jpg 1024w, https:\/\/celinedugas-photographe.fr\/wp-content\/uploads\/2019\/07\/DSC02674-2R-300x200.jpg 300w, https:\/\/celinedugas-photographe.fr\/wp-content\/uploads\/2019\/07\/DSC02674-2R-768x512.jpg 768w, https:\/\/celinedugas-photographe.fr\/wp-content\/uploads\/2019\/07\/DSC02674-2R-705x470.jpg 705w, https:\/\/celinedugas-photographe.fr\/wp-content\/uploads\/2019\/07\/DSC02674-2R.jpg 2048w\" sizes=\"auto, (max-width: 1024px) 100vw, 1024px\" \/><\/figure>\n\n\n\n<figure class=\"wp-block-image size-large\"><img loading=\"lazy\" decoding=\"async\" width=\"1024\" height=\"683\" data-id=\"5178\" src=\"https:\/\/celinedugas-photographe.fr\/wp-content\/uploads\/2021\/08\/DSC03099BW-1024x683.jpg\" alt=\"\" class=\"wp-image-5178\" srcset=\"https:\/\/celinedugas-photographe.fr\/wp-content\/uploads\/2021\/08\/DSC03099BW-1024x683.jpg 1024w, https:\/\/celinedugas-photographe.fr\/wp-content\/uploads\/2021\/08\/DSC03099BW-300x200.jpg 300w, https:\/\/celinedugas-photographe.fr\/wp-content\/uploads\/2021\/08\/DSC03099BW-768x512.jpg 768w, https:\/\/celinedugas-photographe.fr\/wp-content\/uploads\/2021\/08\/DSC03099BW-1536x1024.jpg 1536w, https:\/\/celinedugas-photographe.fr\/wp-content\/uploads\/2021\/08\/DSC03099BW-705x470.jpg 705w, https:\/\/celinedugas-photographe.fr\/wp-content\/uploads\/2021\/08\/DSC03099BW.jpg 1920w\" sizes=\"auto, (max-width: 1024px) 100vw, 1024px\" \/><\/figure>\n\n\n\n<figure class=\"wp-block-image size-large\"><img loading=\"lazy\" decoding=\"async\" width=\"1024\" height=\"683\" data-id=\"4345\" src=\"https:\/\/celinedugas-photographe.fr\/wp-content\/uploads\/2016\/12\/DSC04049-1024x683.jpg\" alt=\"\" class=\"wp-image-4345\" srcset=\"https:\/\/celinedugas-photographe.fr\/wp-content\/uploads\/2016\/12\/DSC04049-1024x683.jpg 1024w, https:\/\/celinedugas-photographe.fr\/wp-content\/uploads\/2016\/12\/DSC04049-300x200.jpg 300w, https:\/\/celinedugas-photographe.fr\/wp-content\/uploads\/2016\/12\/DSC04049-768x512.jpg 768w, https:\/\/celinedugas-photographe.fr\/wp-content\/uploads\/2016\/12\/DSC04049-705x470.jpg 705w, https:\/\/celinedugas-photographe.fr\/wp-content\/uploads\/2016\/12\/DSC04049.jpg 2048w\" sizes=\"auto, (max-width: 1024px) 100vw, 1024px\" \/><\/figure>\n\n\n\n<figure class=\"wp-block-image size-large\"><img loading=\"lazy\" decoding=\"async\" width=\"1024\" height=\"683\" data-id=\"4530\" src=\"https:\/\/celinedugas-photographe.fr\/wp-content\/uploads\/2017\/07\/DSC08891RS-1024x683.jpg\" alt=\"S\u00e9ance Maternit\u00e9\" class=\"wp-image-4530\" srcset=\"https:\/\/celinedugas-photographe.fr\/wp-content\/uploads\/2017\/07\/DSC08891RS-1024x683.jpg 1024w, https:\/\/celinedugas-photographe.fr\/wp-content\/uploads\/2017\/07\/DSC08891RS-300x200.jpg 300w, https:\/\/celinedugas-photographe.fr\/wp-content\/uploads\/2017\/07\/DSC08891RS-768x512.jpg 768w, https:\/\/celinedugas-photographe.fr\/wp-content\/uploads\/2017\/07\/DSC08891RS-705x470.jpg 705w, https:\/\/celinedugas-photographe.fr\/wp-content\/uploads\/2017\/07\/DSC08891RS.jpg 2048w\" sizes=\"auto, (max-width: 1024px) 100vw, 1024px\" \/><\/figure>\n\n\n\n<figure class=\"wp-block-image size-large\"><img loading=\"lazy\" decoding=\"async\" width=\"1024\" height=\"683\" data-id=\"5204\" src=\"https:\/\/celinedugas-photographe.fr\/wp-content\/uploads\/2022\/08\/DSC08755-1024x683.jpg\" alt=\"\" class=\"wp-image-5204\" srcset=\"https:\/\/celinedugas-photographe.fr\/wp-content\/uploads\/2022\/08\/DSC08755-1024x683.jpg 1024w, https:\/\/celinedugas-photographe.fr\/wp-content\/uploads\/2022\/08\/DSC08755-300x200.jpg 300w, https:\/\/celinedugas-photographe.fr\/wp-content\/uploads\/2022\/08\/DSC08755-768x512.jpg 768w, https:\/\/celinedugas-photographe.fr\/wp-content\/uploads\/2022\/08\/DSC08755-1536x1024.jpg 1536w, https:\/\/celinedugas-photographe.fr\/wp-content\/uploads\/2022\/08\/DSC08755-705x470.jpg 705w, https:\/\/celinedugas-photographe.fr\/wp-content\/uploads\/2022\/08\/DSC08755.jpg 1920w\" sizes=\"auto, (max-width: 1024px) 100vw, 1024px\" \/><\/figure>\n\n\n\n<figure class=\"wp-block-image size-large\"><img loading=\"lazy\" decoding=\"async\" width=\"1024\" height=\"683\" data-id=\"4563\" src=\"https:\/\/celinedugas-photographe.fr\/wp-content\/uploads\/2016\/02\/DSC09740-1024x683.jpg\" alt=\"Mariage\" class=\"wp-image-4563\" srcset=\"https:\/\/celinedugas-photographe.fr\/wp-content\/uploads\/2016\/02\/DSC09740-1024x683.jpg 1024w, https:\/\/celinedugas-photographe.fr\/wp-content\/uploads\/2016\/02\/DSC09740-300x200.jpg 300w, https:\/\/celinedugas-photographe.fr\/wp-content\/uploads\/2016\/02\/DSC09740-768x512.jpg 768w, https:\/\/celinedugas-photographe.fr\/wp-content\/uploads\/2016\/02\/DSC09740-705x470.jpg 705w, https:\/\/celinedugas-photographe.fr\/wp-content\/uploads\/2016\/02\/DSC09740.jpg 2048w\" sizes=\"auto, (max-width: 1024px) 100vw, 1024px\" \/><\/figure>\n<\/figure>\n\n\n\n<div style=\"height:100px\" aria-hidden=\"true\" class=\"wp-block-spacer\"><\/div>\n\n\n\n<p class=\"has-text-align-center has-very-dark-gray-color has-text-color\"><br>Je m\u2019appelle C\u00e9line, de surnom Shey, j\u2019ai 31ans. Autodidacte passionn\u00e9e de photographie depuis plusieurs ann\u00e9es, j\u2019ai d\u00e9cid\u00e9 de faire de cette passion mon m\u00e9tier. J\u2019ai ainsi cr\u00e9\u00e9 mon entreprise en f\u00e9vrier 2016.<br>J\u2019aime travailler mes prises de vue, jouer avec les lumi\u00e8res les couleurs &amp; les contrastes. Lors du traitement j\u2019ajoute toujours une petite touche personnelle qui pr\u00e9sente un peu de f\u00e9\u00e9rie et de douceur.<\/p>\n\n\n\n<p class=\"has-text-align-center\">L\u2019essentiel pour moi est de vous permettre d\u2019immortaliser vos plus beaux souvenirs: portraits, seul ou \u00e0 deux, grossesse, b\u00e9b\u00e9s, enfants, famille, mais aussi EVJF mariages &amp; bapt\u00eames\u2026 Je sais me faire oublier pour capter les petits d\u00e9tails ainsi que vos plus belles \u00e9motions\u2026<\/p>\n\n\n\n<p class=\"has-text-align-center\">J\u2019ai un attrait particulier pour les univers fantastiques, f\u00e9\u00e9riques &amp; m\u00e9di\u00e9vaux. Si vous souhaitez une s\u00e9ance plus originale, vous transform\u00e9 en princesse, en viking, en elfe le temps d\u2019un shooting c\u2019est possible! Je peux \u00e9galement pr\u00eater des accessoires. Vous pouvez d\u00e9couvrir ce genre de photographie dans l\u2019onglet \u00ab&nbsp;mises en sc\u00e8ne&nbsp;\u00bb de mon portfolio.<\/p>\n\n\n\n<p class=\"has-text-align-center\">Bas\u00e9e \u00e0 La Chapelle de la Tour je me d\u00e9place dans tout Rh\u00f4ne-Alpes. Je travaille essentiellement en lumi\u00e8re naturelle, je ne poss\u00e8de pas de studio. La s\u00e9ance peut se d\u00e9roul\u00e9 au bord d\u2019un lac, dans un parc etc\u2026 mais aussi \u00e0 votre domicile en \u00ab&nbsp;Lifestyle&nbsp;\u00bb.<\/p>\n\n\n\n<p class=\"has-text-align-center\">N\u2019h\u00e9sitez pas \u00e0 me contacter pour que nous parlions ensemble de vos projets.<\/p>\n\n\n\n<p class=\"has-text-align-center\">Merci pour votre confiance<br><\/p>\n\n\n\n<p class=\"has-text-align-right\">C\u00e9line<br><br><\/p>\n\n\n\n<div style=\"height:100px\" aria-hidden=\"true\" class=\"wp-block-spacer\"><\/div>\n\n\n\n<figure class=\"wp-block-gallery has-nested-images columns-4 is-cropped wp-block-gallery-2 is-layout-flex wp-block-gallery-is-layout-flex\">\n<figure class=\"wp-block-image size-large\"><img loading=\"lazy\" decoding=\"async\" width=\"1024\" height=\"683\" data-id=\"4102\" src=\"https:\/\/celinedugas-photographe.fr\/wp-content\/uploads\/2016\/07\/DSC02076-2-1024x683.jpg\" alt=\"\" class=\"wp-image-4102\" srcset=\"https:\/\/celinedugas-photographe.fr\/wp-content\/uploads\/2016\/07\/DSC02076-2-1024x683.jpg 1024w, https:\/\/celinedugas-photographe.fr\/wp-content\/uploads\/2016\/07\/DSC02076-2-300x200.jpg 300w, https:\/\/celinedugas-photographe.fr\/wp-content\/uploads\/2016\/07\/DSC02076-2-768x512.jpg 768w, https:\/\/celinedugas-photographe.fr\/wp-content\/uploads\/2016\/07\/DSC02076-2-705x470.jpg 705w, https:\/\/celinedugas-photographe.fr\/wp-content\/uploads\/2016\/07\/DSC02076-2.jpg 2048w\" sizes=\"auto, (max-width: 1024px) 100vw, 1024px\" \/><\/figure>\n\n\n\n<figure class=\"wp-block-image size-large\"><img loading=\"lazy\" decoding=\"async\" width=\"1024\" height=\"683\" data-id=\"5161\" src=\"https:\/\/celinedugas-photographe.fr\/wp-content\/uploads\/2021\/08\/DSC03208-2R-1024x683.jpg\" alt=\"\" class=\"wp-image-5161\" srcset=\"https:\/\/celinedugas-photographe.fr\/wp-content\/uploads\/2021\/08\/DSC03208-2R-1024x683.jpg 1024w, https:\/\/celinedugas-photographe.fr\/wp-content\/uploads\/2021\/08\/DSC03208-2R-300x200.jpg 300w, https:\/\/celinedugas-photographe.fr\/wp-content\/uploads\/2021\/08\/DSC03208-2R-768x512.jpg 768w, https:\/\/celinedugas-photographe.fr\/wp-content\/uploads\/2021\/08\/DSC03208-2R-1536x1024.jpg 1536w, https:\/\/celinedugas-photographe.fr\/wp-content\/uploads\/2021\/08\/DSC03208-2R-705x470.jpg 705w, https:\/\/celinedugas-photographe.fr\/wp-content\/uploads\/2021\/08\/DSC03208-2R.jpg 1920w\" sizes=\"auto, (max-width: 1024px) 100vw, 1024px\" \/><\/figure>\n\n\n\n<figure class=\"wp-block-image size-large\"><img loading=\"lazy\" decoding=\"async\" width=\"1024\" height=\"683\" data-id=\"5206\" src=\"https:\/\/celinedugas-photographe.fr\/wp-content\/uploads\/2022\/08\/DSC04199-2-1024x683.jpg\" alt=\"\" class=\"wp-image-5206\" srcset=\"https:\/\/celinedugas-photographe.fr\/wp-content\/uploads\/2022\/08\/DSC04199-2-1024x683.jpg 1024w, https:\/\/celinedugas-photographe.fr\/wp-content\/uploads\/2022\/08\/DSC04199-2-300x200.jpg 300w, https:\/\/celinedugas-photographe.fr\/wp-content\/uploads\/2022\/08\/DSC04199-2-768x512.jpg 768w, https:\/\/celinedugas-photographe.fr\/wp-content\/uploads\/2022\/08\/DSC04199-2-1536x1024.jpg 1536w, https:\/\/celinedugas-photographe.fr\/wp-content\/uploads\/2022\/08\/DSC04199-2-705x470.jpg 705w, https:\/\/celinedugas-photographe.fr\/wp-content\/uploads\/2022\/08\/DSC04199-2.jpg 1920w\" sizes=\"auto, (max-width: 1024px) 100vw, 1024px\" \/><\/figure>\n\n\n\n<figure class=\"wp-block-image size-large\"><img loading=\"lazy\" decoding=\"async\" width=\"1024\" height=\"683\" data-id=\"4506\" src=\"https:\/\/celinedugas-photographe.fr\/wp-content\/uploads\/2016\/02\/DSC06986-1024x683.jpg\" alt=\"\" class=\"wp-image-4506\" srcset=\"https:\/\/celinedugas-photographe.fr\/wp-content\/uploads\/2016\/02\/DSC06986-1024x683.jpg 1024w, https:\/\/celinedugas-photographe.fr\/wp-content\/uploads\/2016\/02\/DSC06986-300x200.jpg 300w, https:\/\/celinedugas-photographe.fr\/wp-content\/uploads\/2016\/02\/DSC06986-768x512.jpg 768w, https:\/\/celinedugas-photographe.fr\/wp-content\/uploads\/2016\/02\/DSC06986-705x470.jpg 705w, https:\/\/celinedugas-photographe.fr\/wp-content\/uploads\/2016\/02\/DSC06986.jpg 2048w\" sizes=\"auto, (max-width: 1024px) 100vw, 1024px\" \/><\/figure>\n\n\n\n<figure class=\"wp-block-image size-large\"><img loading=\"lazy\" decoding=\"async\" width=\"1024\" height=\"683\" data-id=\"4124\" src=\"https:\/\/celinedugas-photographe.fr\/wp-content\/uploads\/2016\/04\/DSC02297-2-1024x683.jpg\" alt=\"\" class=\"wp-image-4124\" srcset=\"https:\/\/celinedugas-photographe.fr\/wp-content\/uploads\/2016\/04\/DSC02297-2-1024x683.jpg 1024w, https:\/\/celinedugas-photographe.fr\/wp-content\/uploads\/2016\/04\/DSC02297-2-300x200.jpg 300w, https:\/\/celinedugas-photographe.fr\/wp-content\/uploads\/2016\/04\/DSC02297-2-768x512.jpg 768w, https:\/\/celinedugas-photographe.fr\/wp-content\/uploads\/2016\/04\/DSC02297-2-705x470.jpg 705w, https:\/\/celinedugas-photographe.fr\/wp-content\/uploads\/2016\/04\/DSC02297-2.jpg 2048w\" sizes=\"auto, (max-width: 1024px) 100vw, 1024px\" \/><\/figure>\n\n\n\n<figure class=\"wp-block-image size-large\"><img loading=\"lazy\" decoding=\"async\" width=\"1024\" height=\"683\" data-id=\"4808\" src=\"https:\/\/celinedugas-photographe.fr\/wp-content\/uploads\/2019\/10\/DSC06819-1024x683.jpg\" alt=\"\" class=\"wp-image-4808\" srcset=\"https:\/\/celinedugas-photographe.fr\/wp-content\/uploads\/2019\/10\/DSC06819-1024x683.jpg 1024w, https:\/\/celinedugas-photographe.fr\/wp-content\/uploads\/2019\/10\/DSC06819-300x200.jpg 300w, https:\/\/celinedugas-photographe.fr\/wp-content\/uploads\/2019\/10\/DSC06819-768x512.jpg 768w, https:\/\/celinedugas-photographe.fr\/wp-content\/uploads\/2019\/10\/DSC06819-705x470.jpg 705w, https:\/\/celinedugas-photographe.fr\/wp-content\/uploads\/2019\/10\/DSC06819.jpg 1920w\" sizes=\"auto, (max-width: 1024px) 100vw, 1024px\" \/><\/figure>\n\n\n\n<figure class=\"wp-block-image size-large\"><img loading=\"lazy\" decoding=\"async\" width=\"1024\" height=\"683\" data-id=\"4896\" src=\"https:\/\/celinedugas-photographe.fr\/wp-content\/uploads\/2020\/03\/DSC02872-1024x683.jpg\" alt=\"\" class=\"wp-image-4896\" srcset=\"https:\/\/celinedugas-photographe.fr\/wp-content\/uploads\/2020\/03\/DSC02872-1024x683.jpg 1024w, https:\/\/celinedugas-photographe.fr\/wp-content\/uploads\/2020\/03\/DSC02872-300x200.jpg 300w, https:\/\/celinedugas-photographe.fr\/wp-content\/uploads\/2020\/03\/DSC02872-768x512.jpg 768w, https:\/\/celinedugas-photographe.fr\/wp-content\/uploads\/2020\/03\/DSC02872-1536x1024.jpg 1536w, https:\/\/celinedugas-photographe.fr\/wp-content\/uploads\/2020\/03\/DSC02872-705x470.jpg 705w, https:\/\/celinedugas-photographe.fr\/wp-content\/uploads\/2020\/03\/DSC02872.jpg 1920w\" sizes=\"auto, (max-width: 1024px) 100vw, 1024px\" \/><\/figure>\n\n\n\n<figure class=\"wp-block-image size-large\"><img loading=\"lazy\" decoding=\"async\" width=\"1024\" height=\"683\" data-id=\"4261\" src=\"https:\/\/celinedugas-photographe.fr\/wp-content\/uploads\/2016\/03\/DSC04279-3-1024x683.jpg\" alt=\"\" class=\"wp-image-4261\" srcset=\"https:\/\/celinedugas-photographe.fr\/wp-content\/uploads\/2016\/03\/DSC04279-3-1024x683.jpg 1024w, https:\/\/celinedugas-photographe.fr\/wp-content\/uploads\/2016\/03\/DSC04279-3-300x200.jpg 300w, https:\/\/celinedugas-photographe.fr\/wp-content\/uploads\/2016\/03\/DSC04279-3-768x512.jpg 768w, https:\/\/celinedugas-photographe.fr\/wp-content\/uploads\/2016\/03\/DSC04279-3-705x470.jpg 705w, https:\/\/celinedugas-photographe.fr\/wp-content\/uploads\/2016\/03\/DSC04279-3.jpg 2048w\" sizes=\"auto, (max-width: 1024px) 100vw, 1024px\" \/><\/figure>\n<\/figure>\n","protected":false},"excerpt":{"rendered":"<p>Je m\u2019appelle C\u00e9line, de surnom Shey, j\u2019ai 31ans. Autodidacte passionn\u00e9e de photographie depuis plusieurs ann\u00e9es, j\u2019ai d\u00e9cid\u00e9 de faire de cette passion mon m\u00e9tier. J\u2019ai ainsi cr\u00e9\u00e9 mon entreprise en f\u00e9vrier 2016.J\u2019aime travailler mes prises de vue, jouer avec les [&hellip;]<\/p>\n","protected":false},"author":2,"featured_media":0,"parent":0,"menu_order":0,"comment_status":"open","ping_status":"closed","template":"","meta":{"footnotes":""},"class_list":["post-4728","page","type-page","status-publish","hentry"],"_links":{"self":[{"href":"https:\/\/celinedugas-photographe.fr\/index.php?rest_route=\/wp\/v2\/pages\/4728","targetHints":{"allow":["GET"]}}],"collection":[{"href":"https:\/\/celinedugas-photographe.fr\/index.php?rest_route=\/wp\/v2\/pages"}],"about":[{"href":"https:\/\/celinedugas-photographe.fr\/index.php?rest_route=\/wp\/v2\/types\/page"}],"author":[{"embeddable":true,"href":"https:\/\/celinedugas-photographe.fr\/index.php?rest_route=\/wp\/v2\/users\/2"}],"replies":[{"embeddable":true,"href":"https:\/\/celinedugas-photographe.fr\/index.php?rest_route=%2Fwp%2Fv2%2Fcomments&post=4728"}],"version-history":[{"count":20,"href":"https:\/\/celinedugas-photographe.fr\/index.php?rest_route=\/wp\/v2\/pages\/4728\/revisions"}],"predecessor-version":[{"id":5232,"href":"https:\/\/celinedugas-photographe.fr\/index.php?rest_route=\/wp\/v2\/pages\/4728\/revisions\/5232"}],"wp:attachment":[{"href":"https:\/\/celinedugas-photographe.fr\/index.php?rest_route=%2Fwp%2Fv2%2Fmedia&parent=4728"}],"curies":[{"name":"wp","href":"https:\/\/api.w.org\/{rel}","templated":true}]}}