{"id":5037,"date":"2020-03-16T17:07:13","date_gmt":"2020-03-16T16:07:13","guid":{"rendered":"http:\/\/celinedugas-photographe.fr\/?page_id=5037"},"modified":"2020-03-16T17:07:14","modified_gmt":"2020-03-16T16:07:14","slug":"partenaires-2","status":"publish","type":"page","link":"https:\/\/celinedugas-photographe.fr\/?page_id=5037","title":{"rendered":"~ Partenaires ~"},"content":{"rendered":"\n<div class=\"wp-block-image is-style-circle-mask\"><figure class=\"aligncenter size-large is-resized\"><img decoding=\"async\" src=\"https:\/\/celinedugas-photographe.fr\/wp-content\/uploads\/2020\/03\/DSC08570-3R-1024x683.jpg\" alt=\"\" class=\"wp-image-5053\" width=\"400\" srcset=\"https:\/\/celinedugas-photographe.fr\/wp-content\/uploads\/2020\/03\/DSC08570-3R-1024x683.jpg 1024w, https:\/\/celinedugas-photographe.fr\/wp-content\/uploads\/2020\/03\/DSC08570-3R-300x200.jpg 300w, https:\/\/celinedugas-photographe.fr\/wp-content\/uploads\/2020\/03\/DSC08570-3R-768x512.jpg 768w, https:\/\/celinedugas-photographe.fr\/wp-content\/uploads\/2020\/03\/DSC08570-3R-1536x1024.jpg 1536w, https:\/\/celinedugas-photographe.fr\/wp-content\/uploads\/2020\/03\/DSC08570-3R-705x470.jpg 705w, https:\/\/celinedugas-photographe.fr\/wp-content\/uploads\/2020\/03\/DSC08570-3R.jpg 1920w\" sizes=\"(max-width: 1024px) 100vw, 1024px\" \/><\/figure><\/div>\n\n\n\n<p class=\"has-text-align-center\"><strong><br>D\u00e9couvrez le travail d&rsquo;amis, artisans et cr\u00e9ateurs avec qui j&rsquo;ai l&rsquo;occasion de souvent collaborer.<\/strong><br><br>( Cliquez sur les noms pour acc\u00e9der aux sites )<br><br><\/p>\n\n\n\n<hr class=\"wp-block-separator is-style-wide\"\/>\n\n\n\n<div class=\"wp-block-media-text alignwide is-vertically-aligned-center\" style=\"grid-template-columns:21% auto\"><figure class=\"wp-block-media-text__media\"><img loading=\"lazy\" decoding=\"async\" width=\"683\" height=\"1024\" src=\"https:\/\/celinedugas-photographe.fr\/wp-content\/uploads\/2020\/03\/DSC07492-R-1-683x1024.jpg\" alt=\"\" class=\"wp-image-5039\" srcset=\"https:\/\/celinedugas-photographe.fr\/wp-content\/uploads\/2020\/03\/DSC07492-R-1-683x1024.jpg 683w, https:\/\/celinedugas-photographe.fr\/wp-content\/uploads\/2020\/03\/DSC07492-R-1-200x300.jpg 200w, https:\/\/celinedugas-photographe.fr\/wp-content\/uploads\/2020\/03\/DSC07492-R-1-768x1152.jpg 768w, https:\/\/celinedugas-photographe.fr\/wp-content\/uploads\/2020\/03\/DSC07492-R-1-1024x1536.jpg 1024w, https:\/\/celinedugas-photographe.fr\/wp-content\/uploads\/2020\/03\/DSC07492-R-1-705x1058.jpg 705w, https:\/\/celinedugas-photographe.fr\/wp-content\/uploads\/2020\/03\/DSC07492-R-1.jpg 1280w\" sizes=\"auto, (max-width: 683px) 100vw, 683px\" \/><\/figure><div class=\"wp-block-media-text__content\">\n<p class=\"has-text-align-left\"><a rel=\"noreferrer noopener\" aria-label=\"Les cuirs de Belfeuil (s\u2019ouvre dans un nouvel onglet)\" href=\"http:\/\/www.lescuirsdebelfeuil.com\/\" target=\"_blank\"><strong>Les cuirs de Belfeuil<\/strong><\/a><br><br>Cr\u00e9ateur, artisan du cuir, 100% unique, 100% fait main, que vous cherchiez des  accessoires pour vos costumes m\u00e9di\u00e9vaux, ou un Livre d&rsquo;or pour votre mariage, son travail de qualit\u00e9 vous surprendra !<br><br><\/p>\n<\/div><\/div>\n\n\n\n<hr class=\"wp-block-separator is-style-wide\"\/>\n\n\n\n<div class=\"wp-block-media-text alignwide has-media-on-the-right\" style=\"grid-template-columns:auto 21%\"><figure class=\"wp-block-media-text__media\"><img loading=\"lazy\" decoding=\"async\" width=\"683\" height=\"1024\" src=\"https:\/\/celinedugas-photographe.fr\/wp-content\/uploads\/2020\/03\/DSC08338-2R-683x1024.jpg\" alt=\"\" class=\"wp-image-5046\" srcset=\"https:\/\/celinedugas-photographe.fr\/wp-content\/uploads\/2020\/03\/DSC08338-2R-683x1024.jpg 683w, https:\/\/celinedugas-photographe.fr\/wp-content\/uploads\/2020\/03\/DSC08338-2R-200x300.jpg 200w, https:\/\/celinedugas-photographe.fr\/wp-content\/uploads\/2020\/03\/DSC08338-2R-768x1152.jpg 768w, https:\/\/celinedugas-photographe.fr\/wp-content\/uploads\/2020\/03\/DSC08338-2R-1024x1536.jpg 1024w, https:\/\/celinedugas-photographe.fr\/wp-content\/uploads\/2020\/03\/DSC08338-2R-705x1058.jpg 705w, https:\/\/celinedugas-photographe.fr\/wp-content\/uploads\/2020\/03\/DSC08338-2R.jpg 1280w\" sizes=\"auto, (max-width: 683px) 100vw, 683px\" \/><\/figure><div class=\"wp-block-media-text__content\">\n<p class=\"has-text-align-right\"><a rel=\"noreferrer noopener\" aria-label=\"Au gr\u00e8s des Bois (s\u2019ouvre dans un nouvel onglet)\" href=\"https:\/\/augresdesbois.com\" target=\"_blank\"><strong>Au gr\u00e8s des Bois<\/strong><\/a><br><br>Bijoux, d\u00e9corations, et arts de la table&#8230; D\u00e9couvrez les magnifiques cr\u00e9ations en Raku de Ciloo. <br>Inspir\u00e9e de la nature, elle manie les 4 \u00e9l\u00e9ments avec magie et vous surprendra par sa cr\u00e9ativit\u00e9 !<br><\/p>\n<\/div><\/div>\n\n\n\n<hr class=\"wp-block-separator is-style-wide\"\/>\n\n\n\n<div class=\"wp-block-media-text alignwide is-vertically-aligned-center\" style=\"grid-template-columns:22% auto\"><figure class=\"wp-block-media-text__media\"><img loading=\"lazy\" decoding=\"async\" width=\"683\" height=\"1024\" src=\"https:\/\/celinedugas-photographe.fr\/wp-content\/uploads\/2020\/03\/DSC04204R-683x1024.jpg\" alt=\"\" class=\"wp-image-5048\" srcset=\"https:\/\/celinedugas-photographe.fr\/wp-content\/uploads\/2020\/03\/DSC04204R-683x1024.jpg 683w, https:\/\/celinedugas-photographe.fr\/wp-content\/uploads\/2020\/03\/DSC04204R-200x300.jpg 200w, https:\/\/celinedugas-photographe.fr\/wp-content\/uploads\/2020\/03\/DSC04204R-768x1152.jpg 768w, https:\/\/celinedugas-photographe.fr\/wp-content\/uploads\/2020\/03\/DSC04204R-1024x1536.jpg 1024w, https:\/\/celinedugas-photographe.fr\/wp-content\/uploads\/2020\/03\/DSC04204R-705x1058.jpg 705w, https:\/\/celinedugas-photographe.fr\/wp-content\/uploads\/2020\/03\/DSC04204R.jpg 1280w\" sizes=\"auto, (max-width: 683px) 100vw, 683px\" \/><\/figure><div class=\"wp-block-media-text__content\">\n<p class=\"has-text-align-left\"><strong><a rel=\"noreferrer noopener\" aria-label=\"Argothe Couture (s\u2019ouvre dans un nouvel onglet)\" href=\"https:\/\/www.argothecouture.com\/\" target=\"_blank\">Argothe Couture<\/a> <\/strong><br><br>Couturi\u00e8re passionn\u00e9e , France ne manque pas de cr\u00e9ativit\u00e9.<br>Costumes, robes ou accessoires, il y en a pour tous les gouts, n&rsquo;h\u00e9sitez pas \u00e0 d\u00e9couvrir son univers !<br><\/p>\n<\/div><\/div>\n\n\n\n<hr class=\"wp-block-separator is-style-wide\"\/>\n\n\n\n<div class=\"wp-block-media-text alignwide has-media-on-the-right\" style=\"grid-template-columns:auto 23%\"><figure class=\"wp-block-media-text__media\"><img loading=\"lazy\" decoding=\"async\" width=\"683\" height=\"1024\" src=\"https:\/\/celinedugas-photographe.fr\/wp-content\/uploads\/2020\/03\/DSC05072-2R-683x1024.jpg\" alt=\"\" class=\"wp-image-4950\" srcset=\"https:\/\/celinedugas-photographe.fr\/wp-content\/uploads\/2020\/03\/DSC05072-2R-683x1024.jpg 683w, https:\/\/celinedugas-photographe.fr\/wp-content\/uploads\/2020\/03\/DSC05072-2R-200x300.jpg 200w, https:\/\/celinedugas-photographe.fr\/wp-content\/uploads\/2020\/03\/DSC05072-2R-768x1152.jpg 768w, https:\/\/celinedugas-photographe.fr\/wp-content\/uploads\/2020\/03\/DSC05072-2R-1024x1536.jpg 1024w, https:\/\/celinedugas-photographe.fr\/wp-content\/uploads\/2020\/03\/DSC05072-2R-705x1058.jpg 705w, https:\/\/celinedugas-photographe.fr\/wp-content\/uploads\/2020\/03\/DSC05072-2R.jpg 1280w\" sizes=\"auto, (max-width: 683px) 100vw, 683px\" \/><\/figure><div class=\"wp-block-media-text__content\">\n<p class=\"has-text-align-right\"><a rel=\"noreferrer noopener\" aria-label=\"Vultus (s\u2019ouvre dans un nouvel onglet)\" href=\"http:\/\/www.vultus.fr\/\" target=\"_blank\"><strong>Vultus<\/strong><\/a><br><br>Costumi\u00e8re passionn\u00e9e depuis de longues ann\u00e9es, ses robes font r\u00eaver! <br>N&rsquo;h\u00e9sitez pas \u00e0 d\u00e9couvrir le fabuleux travail de Magali !<\/p>\n<\/div><\/div>\n","protected":false},"excerpt":{"rendered":"<p>D\u00e9couvrez le travail d&rsquo;amis, artisans et cr\u00e9ateurs avec qui j&rsquo;ai l&rsquo;occasion de souvent collaborer. ( Cliquez sur les noms pour acc\u00e9der aux sites ) Les cuirs de Belfeuil Cr\u00e9ateur, artisan du cuir, 100% unique, 100% fait main, que vous cherchiez [&hellip;]<\/p>\n","protected":false},"author":2,"featured_media":0,"parent":0,"menu_order":0,"comment_status":"closed","ping_status":"closed","template":"","meta":{"footnotes":""},"class_list":["post-5037","page","type-page","status-publish","hentry"],"_links":{"self":[{"href":"https:\/\/celinedugas-photographe.fr\/index.php?rest_route=\/wp\/v2\/pages\/5037","targetHints":{"allow":["GET"]}}],"collection":[{"href":"https:\/\/celinedugas-photographe.fr\/index.php?rest_route=\/wp\/v2\/pages"}],"about":[{"href":"https:\/\/celinedugas-photographe.fr\/index.php?rest_route=\/wp\/v2\/types\/page"}],"author":[{"embeddable":true,"href":"https:\/\/celinedugas-photographe.fr\/index.php?rest_route=\/wp\/v2\/users\/2"}],"replies":[{"embeddable":true,"href":"https:\/\/celinedugas-photographe.fr\/index.php?rest_route=%2Fwp%2Fv2%2Fcomments&post=5037"}],"version-history":[{"count":12,"href":"https:\/\/celinedugas-photographe.fr\/index.php?rest_route=\/wp\/v2\/pages\/5037\/revisions"}],"predecessor-version":[{"id":5054,"href":"https:\/\/celinedugas-photographe.fr\/index.php?rest_route=\/wp\/v2\/pages\/5037\/revisions\/5054"}],"wp:attachment":[{"href":"https:\/\/celinedugas-photographe.fr\/index.php?rest_route=%2Fwp%2Fv2%2Fmedia&parent=5037"}],"curies":[{"name":"wp","href":"https:\/\/api.w.org\/{rel}","templated":true}]}}

<div class="wp-block-image is-style-circle-mask"><figure class="aligncenter size-large is-resized"><img decoding="async" src="https://celinedugas-photographe.fr/wp-content/uploads/2020/03/DSC08570-3R-1024x683.jpg" alt="" class="wp-image-5053" width="400" srcset="https://celinedugas-photographe.fr/wp-content/uploads/2020/03/DSC08570-3R-1024x683.jpg 1024w, https://celinedugas-photographe.fr/wp-content/uploads/2020/03/DSC08570-3R-300x200.jpg 300w, https://celinedugas-photographe.fr/wp-content/uploads/2020/03/DSC08570-3R-768x512.jpg 768w, https://celinedugas-photographe.fr/wp-content/uploads/2020/03/DSC08570-3R-1536x1024.jpg 1536w, https://celinedugas-photographe.fr/wp-content/uploads/2020/03/DSC08570-3R-705x470.jpg 705w, https://celinedugas-photographe.fr/wp-content/uploads/2020/03/DSC08570-3R.jpg 1920w" sizes="(max-width: 1024px) 100vw, 1024px" /></figure></div>



<p class="has-text-align-center"><strong><br>Découvrez le travail d&rsquo;amis, artisans et créateurs avec qui j&rsquo;ai l&rsquo;occasion de souvent collaborer.</strong><br><br>( Cliquez sur les noms pour accéder aux sites )<br><br></p>



<hr class="wp-block-separator is-style-wide"/>



<div class="wp-block-media-text alignwide is-vertically-aligned-center" style="grid-template-columns:21% auto"><figure class="wp-block-media-text__media"><img loading="lazy" decoding="async" width="683" height="1024" src="https://celinedugas-photographe.fr/wp-content/uploads/2020/03/DSC07492-R-1-683x1024.jpg" alt="" class="wp-image-5039" srcset="https://celinedugas-photographe.fr/wp-content/uploads/2020/03/DSC07492-R-1-683x1024.jpg 683w, https://celinedugas-photographe.fr/wp-content/uploads/2020/03/DSC07492-R-1-200x300.jpg 200w, https://celinedugas-photographe.fr/wp-content/uploads/2020/03/DSC07492-R-1-768x1152.jpg 768w, https://celinedugas-photographe.fr/wp-content/uploads/2020/03/DSC07492-R-1-1024x1536.jpg 1024w, https://celinedugas-photographe.fr/wp-content/uploads/2020/03/DSC07492-R-1-705x1058.jpg 705w, https://celinedugas-photographe.fr/wp-content/uploads/2020/03/DSC07492-R-1.jpg 1280w" sizes="auto, (max-width: 683px) 100vw, 683px" /></figure><div class="wp-block-media-text__content">
<p class="has-text-align-left"><a rel="noreferrer noopener" aria-label="Les cuirs de Belfeuil (s’ouvre dans un nouvel onglet)" href="http://www.lescuirsdebelfeuil.com/" target="_blank"><strong>Les cuirs de Belfeuil</strong></a><br><br>Créateur, artisan du cuir, 100% unique, 100% fait main, que vous cherchiez des  accessoires pour vos costumes médiévaux, ou un Livre d&rsquo;or pour votre mariage, son travail de qualité vous surprendra !<br><br></p>
</div></div>



<hr class="wp-block-separator is-style-wide"/>



<div class="wp-block-media-text alignwide has-media-on-the-right" style="grid-template-columns:auto 21%"><figure class="wp-block-media-text__media"><img loading="lazy" decoding="async" width="683" height="1024" src="https://celinedugas-photographe.fr/wp-content/uploads/2020/03/DSC08338-2R-683x1024.jpg" alt="" class="wp-image-5046" srcset="https://celinedugas-photographe.fr/wp-content/uploads/2020/03/DSC08338-2R-683x1024.jpg 683w, https://celinedugas-photographe.fr/wp-content/uploads/2020/03/DSC08338-2R-200x300.jpg 200w, https://celinedugas-photographe.fr/wp-content/uploads/2020/03/DSC08338-2R-768x1152.jpg 768w, https://celinedugas-photographe.fr/wp-content/uploads/2020/03/DSC08338-2R-1024x1536.jpg 1024w, https://celinedugas-photographe.fr/wp-content/uploads/2020/03/DSC08338-2R-705x1058.jpg 705w, https://celinedugas-photographe.fr/wp-content/uploads/2020/03/DSC08338-2R.jpg 1280w" sizes="auto, (max-width: 683px) 100vw, 683px" /></figure><div class="wp-block-media-text__content">
<p class="has-text-align-right"><a rel="noreferrer noopener" aria-label="Au grès des Bois (s’ouvre dans un nouvel onglet)" href="https://augresdesbois.com" target="_blank"><strong>Au grès des Bois</strong></a><br><br>Bijoux, décorations, et arts de la table&#8230; Découvrez les magnifiques créations en Raku de Ciloo. <br>Inspirée de la nature, elle manie les 4 éléments avec magie et vous surprendra par sa créativité !<br></p>
</div></div>



<hr class="wp-block-separator is-style-wide"/>



<div class="wp-block-media-text alignwide is-vertically-aligned-center" style="grid-template-columns:22% auto"><figure class="wp-block-media-text__media"><img loading="lazy" decoding="async" width="683" height="1024" src="https://celinedugas-photographe.fr/wp-content/uploads/2020/03/DSC04204R-683x1024.jpg" alt="" class="wp-image-5048" srcset="https://celinedugas-photographe.fr/wp-content/uploads/2020/03/DSC04204R-683x1024.jpg 683w, https://celinedugas-photographe.fr/wp-content/uploads/2020/03/DSC04204R-200x300.jpg 200w, https://celinedugas-photographe.fr/wp-content/uploads/2020/03/DSC04204R-768x1152.jpg 768w, https://celinedugas-photographe.fr/wp-content/uploads/2020/03/DSC04204R-1024x1536.jpg 1024w, https://celinedugas-photographe.fr/wp-content/uploads/2020/03/DSC04204R-705x1058.jpg 705w, https://celinedugas-photographe.fr/wp-content/uploads/2020/03/DSC04204R.jpg 1280w" sizes="auto, (max-width: 683px) 100vw, 683px" /></figure><div class="wp-block-media-text__content">
<p class="has-text-align-left"><strong><a rel="noreferrer noopener" aria-label="Argothe Couture (s’ouvre dans un nouvel onglet)" href="https://www.argothecouture.com/" target="_blank">Argothe Couture</a> </strong><br><br>Couturière passionnée , France ne manque pas de créativité.<br>Costumes, robes ou accessoires, il y en a pour tous les gouts, n&rsquo;hésitez pas à découvrir son univers !<br></p>
</div></div>



<hr class="wp-block-separator is-style-wide"/>



<div class="wp-block-media-text alignwide has-media-on-the-right" style="grid-template-columns:auto 23%"><figure class="wp-block-media-text__media"><img loading="lazy" decoding="async" width="683" height="1024" src="https://celinedugas-photographe.fr/wp-content/uploads/2020/03/DSC05072-2R-683x1024.jpg" alt="" class="wp-image-4950" srcset="https://celinedugas-photographe.fr/wp-content/uploads/2020/03/DSC05072-2R-683x1024.jpg 683w, https://celinedugas-photographe.fr/wp-content/uploads/2020/03/DSC05072-2R-200x300.jpg 200w, https://celinedugas-photographe.fr/wp-content/uploads/2020/03/DSC05072-2R-768x1152.jpg 768w, https://celinedugas-photographe.fr/wp-content/uploads/2020/03/DSC05072-2R-1024x1536.jpg 1024w, https://celinedugas-photographe.fr/wp-content/uploads/2020/03/DSC05072-2R-705x1058.jpg 705w, https://celinedugas-photographe.fr/wp-content/uploads/2020/03/DSC05072-2R.jpg 1280w" sizes="auto, (max-width: 683px) 100vw, 683px" /></figure><div class="wp-block-media-text__content">
<p class="has-text-align-right"><a rel="noreferrer noopener" aria-label="Vultus (s’ouvre dans un nouvel onglet)" href="http://www.vultus.fr/" target="_blank"><strong>Vultus</strong></a><br><br>Costumière passionnée depuis de longues années, ses robes font rêver! <br>N&rsquo;hésitez pas à découvrir le fabuleux travail de Magali !</p>
</div></div>

<p>Découvrez le travail d&rsquo;amis, artisans et créateurs avec qui j&rsquo;ai l&rsquo;occasion de souvent collaborer. ( Cliquez sur les noms pour accéder aux sites ) Les cuirs de Belfeuil Créateur, artisan du cuir, 100% unique, 100% fait main, que vous cherchiez [&hellip;]</p>
